eatest common factor of 38904 and 1152936.
24
Calculate the greatest common factor of 1715 and 9287215.
245
Calculate the greatest common divisor of 22067910 and 35344.
4418
What is the highest common factor of 4 and 10751996?
4
Calculate the highest common divisor of 532064 and 78.
26
What is the highest common divisor of 27280 and 21483440?
880
What is the greatest common factor of 56394621 and 466?
233
Calculate the greatest common divisor of 415730324 and 164.
164
What is the greatest common divisor of 15000833 and 514?
257
Calculate the greatest common factor of 11638 and 812544.
1058
Calculate the greatest common factor of 7858988 and 285284.
3908
What is the highest common divisor of 4179 and 4543?
7
Calculate the greatest common divisor of 5359823 and 2669.
157
Calculate the highest common factor of 5922089 and 1161.
43
What is the highest common divisor of 986 and 737006?
58
What is the greatest common divisor of 390696 and 540?
12
Calculate the greatest common factor of 176335 and 680.
5
What is the greatest common factor of 736407692 and 5892?
1964
Calculate the greatest common factor of 13580244 and 1404.
108
What is the highest common divisor of 666127 and 1985753?
3157
What is the highest common divisor of 1126129 and 34009?
479
Calculate the greatest common divisor of 10478258 and 490.
98
Calculate the greatest common divisor of 7695 and 4366143.
1539
Calculate the highest common factor of 684696 and 6677.
607
Calculate the highest common divisor of 5175 and 1839850.
25
What is the greatest common factor of 82907072 and 13604?
716
What is the greatest common factor of 4621922 and 438?
146
Calculate the greatest common factor of 21465 and 26424.
9
What is the greatest common factor of 20594684 and 22?
22
What is the highest common factor of 61959 and 49017?
3
What is the highest common divisor of 2460 and 10949460?
2460
What is the highest common divisor of 28733 and 2439383?
487
What is the highest common factor of 2255319 and 179850?
3597
Calculate the highest common divisor of 42712666 and 22122.
2458
What is the highest common divisor of 96554 and 221513?
23
Calculate the greatest common factor of 335 and 61964347.
67
What is the greatest common divisor of 5059 and 12172?
1
What is the highest common divisor of 6 and 10882?
2
Calculate the highest common factor of 1 and 331586.
1
Calculate the highest common divisor of 361 and 13639663.
361
Calculate the greatest common factor of 1537584 and 379864.
824
Calculate the greatest common divisor of 1131071 and 3887.
23
What is the greatest common divisor of 2664559653 and 1393?
1393
Calculate the highest common divisor of 536 and 349273546.
134
What is the highest common divisor of 10611348 and 235752?
2508
Calculate the greatest common factor of 723536 and 48.
16
What is the greatest common divisor of 3675 and 79037?
49
What is the highest common factor of 2161887 and 4417?
7
What is the greatest common factor of 78366 and 1383054?
2118
What is the highest common divisor of 1091784 and 7056?
24
What is the greatest common divisor of 4384 and 314896?
16
Calculate the highest common divisor of 107239695 and 31.
31
Calculate the highest common divisor of 1231 and 7739297.
1231
Calculate the highest common factor of 70 and 93785.
5
What is the greatest common divisor of 1677 and 84770673?
1677
What is the highest common divisor of 3947181 and 189?
21
What is the highest common factor of 111 and 10865642?
37
Calculate the highest common factor of 3109736 and 7448.
392
Calculate the greatest common factor of 2280 and 828312.
24
Calculate the greatest common factor of 191735 and 4960.
155
What is the greatest common factor of 978835 and 3724050?
2035
What is the highest common divisor of 900564 and 6676012?
4228
Calculate the highest common divisor of 31 and 4193246.
31
What is the greatest common factor of 172550880 and 4320?
1440
Calculate the highest common divisor of 1110649 and 5229755.
10783
What is the highest common factor of 198847728 and 144?
144
Calculate the greatest common factor of 48042166 and 7670.
118
Calculate the highest common divisor of 26955119 and 3959.
107
What is the greatest common factor of 249941080 and 60?
20
What is the greatest common divisor of 12540 and 1796564?
836
Calculate the greatest common factor of 192 and 2715450.
6
What is the highest common divisor of 596165 and 105?
5
What is the highest common divisor of 69 and 161938929?
69
Calculate the greatest common factor of 990 and 13030182.
198
What is the greatest common divisor of 1386 and 459165?
21
What is the greatest common factor of 3069 and 1442574?
9
What is the highest common factor of 524359 and 16750756?
7183
What is the greatest common divisor of 969 and 2551624?
19
Calculate the greatest common divisor of 15268 and 245620133.
3817
What is the highest common divisor of 5404 and 48373906?
2702
Calculate the greatest common factor of 46860 and 4839780.
660
What is the highest common factor of 1078016 and 28672?
256
What is the highest common divisor of 5205790 and 130?
10
Calculate the highest common factor of 5368 and 6663701.
671
Calculate the greatest common divisor of 3749 and 5848647.
23
What is the highest common factor of 247570 and 1520?
190
Calculate the greatest common divisor of 27527144 and 16.
8
What is the greatest common divisor of 1120 and 78560?
160
Calculate the highest common divisor of 819 and 7533610.
7
Calculate the greatest common factor of 198 and 189250974.
198
Calculate the highest common divisor of 20 and 298399.
1
Calculate the highest common factor of 3606 and 11184.
6
What is the highest common divisor of 414 and 98254666?
46
Calculate the highest common factor of 16597837 and 1109336.
6029
Calculate the greatest common factor of 21909 and 159393.
201
Calculate the highest common factor of 4769567 and 8591.
781
What is the highest common divisor of 4738323 and 4062?
2031
What is the highest common factor of 270 and 2704470?
30
What is the highest common divisor of 338 and 141271741?
13
Calculate the highest common factor of 3726 and 174564.
18
Calculate the greatest common divisor of 429 and 781053.
39
What is the greatest common divisor of 1733495 and 25?
5
Calculate the greatest common divisor of 409640 and 39710.
2090
What is the highest common factor of 188378445 and 323?
323
Calculate the greatest common factor of 40 and 745938820.
20
What is the greatest common factor of 185699087 and 3514?
1757
What is the greatest common divisor of 266 and 15426544?
14
Calculate the highest common factor of 54083376 and 2106.
162
What is the highest common factor of 280 and 868715260?
140
Calculate the greatest common factor of 22932 and 27054.
18
Calculate the highest common factor of 794623686 and 2823.
2823
What is the highest common factor of 10 and 24404780?
10
What is the greatest common divisor of 190135 and 165?
55
Calculate the highest common divisor of 4585 and 10940.
5
What is the greatest common divisor of 26629491 and 42?
21
What is the greatest common divisor of 5842929 and 444?
111
Calculate the highest common divisor of 3081 and 9113835.
237
What is the highest common factor of 10962649 and 388?
97
What is the highest common factor of 1813254 and 5916?
2958
Calculate the greatest common factor of 104509552 and 784.
784
Calculate the highest common divisor of 631025 and 8170.
215
What is the greatest common factor of 5025363 and 2562?
1281
What is the greatest common divisor of 206266474 and 68?
34
What is the greatest common divisor of 4392 and 826963092?
2196
Calculate the greatest common factor of 71121 and 1679115.
471
Calculate the highest common factor of 27531150 and 13050.
4350
Calculate the highest common divisor of 76 and 736083598.
38
Calculate the highest common factor of 220696 and 970984.
392
Calculate the greatest common divisor of 3 and 144449.
1
Calculate the highest common factor of 12 and 20002746.
6
What is the highest common factor of 73 and 7154?
73
What is the highest common divisor of 190950 and 122208?
7638
What is the highest common factor of 14266 and 670222?
14
Calculate the highest common divisor of 65 and 4542941.
13
Calculate the highest common divisor of 1237168269 and 9.
9
What is the greatest common factor of 225 and